{"id":3807,"date":"2020-09-21T14:24:09","date_gmt":"2020-09-21T18:24:09","guid":{"rendered":"https:\/\/renewablesassociation.ca\/?post_type=event&#038;p=3807"},"modified":"2021-11-30T16:39:47","modified_gmt":"2021-11-30T20:39:47","slug":"portrait-de-lenergie-propre-au-canada-le-point-sur-leolien-le-solaire-et-le-stockage-denergie","status":"publish","type":"event","link":"https:\/\/renewablesassociation.ca\/fr\/event\/portrait-de-lenergie-propre-au-canada-le-point-sur-leolien-le-solaire-et-le-stockage-denergie\/","title":{"rendered":"Portrait de l\u2019\u00e9nergie propre au Canada"},"content":{"rendered":"\n<figure class=\"wp-block-image size-large\"><img fetchpriority=\"high\" decoding=\"async\" width=\"1024\" height=\"512\" src=\"https:\/\/renewablesassociation.ca\/wp-content\/smush-webp\/2021\/07\/October-webinar-1-1024x512.png.webp\" alt=\"\" class=\"wp-image-7191\" srcset=\"https:\/\/renewablesassociation.ca\/wp-content\/smush-webp\/2021\/07\/October-webinar-1-1024x512.png.webp 1024w, https:\/\/renewablesassociation.ca\/wp-content\/smush-webp\/2021\/07\/October-webinar-1-300x150.png.webp 300w, https:\/\/renewablesassociation.ca\/wp-content\/smush-webp\/2021\/07\/October-webinar-1-768x384.png.webp 768w, https:\/\/renewablesassociation.ca\/wp-content\/smush-webp\/2021\/07\/October-webinar-1-1536x768.png.webp 1536w, https:\/\/renewablesassociation.ca\/wp-content\/smush-webp\/2021\/07\/October-webinar-1-2048x1024.png.webp 2048w\" sizes=\"(max-width: 1024px) 100vw, 1024px\" \/><\/figure>\n\n\n\n<h3 class=\"wp-block-heading\"><strong>21&nbsp;octobre&nbsp;2020<\/strong><\/h3>\n\n\n\n<p>Ce webinaire a permis de discuter des principaux points de vue sur la situation actuelle et les perspectives d\u2019avenir de l\u2019\u00e9nergie \u00e9olienne, du solaire et du stockage d\u2019\u00e9nergie au Canada. L\u2019\u00e9quipe de CanREA a collabor\u00e9 avec des conf\u00e9renciers en vue dans l\u2019industrie pour faire la lumi\u00e8re sur l\u2019\u00e9tat r\u00e9el de l\u2019industrie au quatri\u00e8me trimestre de 2020.<\/p>\n\n\n\n<p><strong>Mod\u00e9rateur :<\/strong><\/p>\n\n\n\n<ul class=\"wp-block-list\"><li>Phil McKay, directeur principal, Programme sur les op\u00e9rations, CanREA<\/li><\/ul>\n\n\n\n<p><strong>Conf\u00e9renciers :<\/strong><\/p>\n\n\n\n<ul class=\"wp-block-list\"><li>Nicholas Gall, Directeur, Ressources d&#8217;\u00e9nergie distribu\u00e9es, CanREA<\/li><li>Marion Hill, premi\u00e8re vice-pr\u00e9sidente, Avis sur l&#8217;\u00e9nergie renouvelable, Am\u00e9rique du Nord, NDV GL<\/li><\/ul>\n","protected":false},"excerpt":{"rendered":"<p>Ce webinaire a permis de discuter des principaux points de vue sur la situation actuelle et les perspectives d&rsquo;avenir de l&rsquo;&eacute;nergie &eacute;olienne, du solaire et du stockage d&rsquo;&eacute;nergie au Canada. L&rsquo;&eacute;quipe de CanREA a collabor&eacute; avec des conf&eacute;renciers en vue dans l&rsquo;industrie pour faire la lumi&egrave;re sur l&rsquo;&eacute;tat r&eacute;el de l&rsquo;industrie au quatri&egrave;me trimestre de [&hellip;]<\/p>\n","protected":false},"featured_media":0,"template":"","tags":[],"event_taxonomy":[50],"class_list":["post-3807","event","type-event","status-publish","hentry","event_taxonomy-webinaires"],"acf":[],"uagb_featured_image_src":{"full":false,"thumbnail":false,"medium":false,"medium_large":false,"large":false,"1536x1536":false,"2048x2048":false,"alm-thumbnail":false,"alm-cta":false,"alm-gallery":false,"news-img-2x":false,"news-img":false,"gform-image-choice-sm":false,"gform-image-choice-md":false,"gform-image-choice-lg":false},"uagb_author_info":{"display_name":"Chris Martin","author_link":"https:\/\/renewablesassociation.ca\/fr\/author\/"},"uagb_comment_info":0,"uagb_excerpt":"Ce webinaire a permis de discuter des principaux points de vue sur la situation actuelle et les perspectives d&rsquo;avenir de l&rsquo;&eacute;nergie &eacute;olienne, du solaire et du stockage d&rsquo;&eacute;nergie au Canada. L&rsquo;&eacute;quipe de CanREA a collabor&eacute; avec des conf&eacute;renciers en vue dans l&rsquo;industrie pour faire la lumi&egrave;re sur l&rsquo;&eacute;tat r&eacute;el de l&rsquo;industrie au quatri&egrave;me trimestre de\u2026","_links":{"self":[{"href":"https:\/\/renewablesassociation.ca\/fr\/wp-json\/wp\/v2\/event\/3807","targetHints":{"allow":["GET"]}}],"collection":[{"href":"https:\/\/renewablesassociation.ca\/fr\/wp-json\/wp\/v2\/event"}],"about":[{"href":"https:\/\/renewablesassociation.ca\/fr\/wp-json\/wp\/v2\/types\/event"}],"wp:attachment":[{"href":"https:\/\/renewablesassociation.ca\/fr\/wp-json\/wp\/v2\/media?parent=3807"}],"wp:term":[{"taxonomy":"post_tag","embeddable":true,"href":"https:\/\/renewablesassociation.ca\/fr\/wp-json\/wp\/v2\/tags?post=3807"},{"taxonomy":"event_taxonomy","embeddable":true,"href":"https:\/\/renewablesassociation.ca\/fr\/wp-json\/wp\/v2\/event_taxonomy?post=3807"}],"curies":[{"name":"wp","href":"https:\/\/api.w.org\/{rel}","templated":true}]}}

Portrait de l’énergie propre au Canada

<figure class="wp-block-image size-large"><img fetchpriority="high" decoding="async" width="1024" height="512" src="https://renewablesassociation.ca/wp-content/smush-webp/2021/07/October-webinar-1-1024x512.png.webp" alt="" class="wp-image-7191" srcset="https://renewablesassociation.ca/wp-content/smush-webp/2021/07/October-webinar-1-1024x512.png.webp 1024w, https://renewablesassociation.ca/wp-content/smush-webp/2021/07/October-webinar-1-300x150.png.webp 300w, https://renewablesassociation.ca/wp-content/smush-webp/2021/07/October-webinar-1-768x384.png.webp 768w, https://renewablesassociation.ca/wp-content/smush-webp/2021/07/October-webinar-1-1536x768.png.webp 1536w, https://renewablesassociation.ca/wp-content/smush-webp/2021/07/October-webinar-1-2048x1024.png.webp 2048w" sizes="(max-width: 1024px) 100vw, 1024px" /></figure>



<h3 class="wp-block-heading"><strong>21&nbsp;octobre&nbsp;2020</strong></h3>



<p>Ce webinaire a permis de discuter des principaux points de vue sur la situation actuelle et les perspectives d’avenir de l’énergie éolienne, du solaire et du stockage d’énergie au Canada. L’équipe de CanREA a collaboré avec des conférenciers en vue dans l’industrie pour faire la lumière sur l’état réel de l’industrie au quatrième trimestre de 2020.</p>



<p><strong>Modérateur :</strong></p>



<ul class="wp-block-list"><li>Phil McKay, directeur principal, Programme sur les opérations, CanREA</li></ul>



<p><strong>Conférenciers :</strong></p>



<ul class="wp-block-list"><li>Nicholas Gall, Directeur, Ressources d&#8217;énergie distribuées, CanREA</li><li>Marion Hill, première vice-présidente, Avis sur l&#8217;énergie renouvelable, Amérique du Nord, NDV GL</li></ul>
