{"id":15677,"date":"2023-04-18T17:33:07","date_gmt":"2023-04-18T21:33:07","guid":{"rendered":"https:\/\/renewablesassociation.ca\/?post_type=event&#038;p=15677"},"modified":"2023-05-31T14:57:29","modified_gmt":"2023-05-31T18:57:29","slug":"webinaire-lavenir-de-lenergie-en-alberta-par-similan-consulting","status":"publish","type":"event","link":"https:\/\/renewablesassociation.ca\/fr\/event\/webinaire-lavenir-de-lenergie-en-alberta-par-similan-consulting\/","title":{"rendered":"Webinaire- L\u2019avenir de l\u2019\u00e9nergie en Alberta par Similan Consulting\u00a0"},"content":{"rendered":"\n<h2 class=\"wp-block-heading\">30 mai 2023, 11 h&nbsp;\u00e0 12 h (HAR)&nbsp;<\/h2>\n\n\n\n<p>CanREA a \u00e9t\u00e9 heureuse d\u2019organiser un webinaire sp\u00e9cial le 30 mai dernier, au cours duquel Similan Consulting a pr\u00e9sent\u00e9 son rapport sur l\u2019avenir de l\u2019\u00e9nergie en Alberta. Ces r\u00e9sultats int\u00e9resseront les entreprises d\u2019\u00e9nergie renouvelable qui exercent actuellement leurs activit\u00e9s en Alberta ou qui explorent des possibilit\u00e9s dans cette province.\u00a0\u00a0 \u00a0<\/p>\n\n\n\n<p>Similan Consulting Inc. est une soci\u00e9t\u00e9 d\u2019experts-conseils \u00e9tablie en Alberta qui fournit des pr\u00e9visions \u00e0 long terme des prix de l\u2019\u00e9lectricit\u00e9, des conseils sur le portefeuille de l\u2019\u00e9lectricit\u00e9, ainsi que des services d\u2019optimisation et d\u2019analyse pour ses clients. Les pr\u00e9visions de prix de l\u2019\u00e9lectricit\u00e9 en Alberta de Similan sont fond\u00e9es sur plus de 40 ans d\u2019exp\u00e9rience dans le march\u00e9 albertain.&nbsp;<\/p>\n\n\n\n<p>Ce webinaire a port\u00e9 \u00e0 la fois sur la dynamique du march\u00e9 \u00e0 court terme (comment les changements r\u00e9cents de la dynamique du march\u00e9 influent sur les revenus des \u00e9nergies renouvelables) et sur les perspectives de prix \u00e0 long terme (le point de vue de Similan sur l&#8217;\u00e9volution du mix d&#8217;approvisionnement et son impact sur les futurs prix des \u00e9nergies renouvelables), ainsi qu\u2019un examen de la politique sur le carbone en Alberta (l\u2019incidence sur les prix des r\u00e9centes modifications apport\u00e9es au TIER et au projet de R\u00e8glement sur l\u2019\u00e9lectricit\u00e9 propre).\u00a0 \u00a0<\/p>\n\n\n\n<p>Le rapport de Similan sur l\u2019avenir de l\u2019\u00e9nergie en Alberta est \u00e0 la disposition des membres de CanREA \u00e0 40 % de r\u00e9duction (normalement 10 000 $), dans le cadre du nouveau <a href=\"https:\/\/renewablesassociation.ca\/fr\/?page_id=1387\" target=\"_blank\" rel=\"noreferrer noopener\">programme d\u2019affinit\u00e9<\/a> de CanREA. \u00a0<\/p>\n\n\n\n<p>Il y eu \u00e9galement une p\u00e9riode de questions de 15 minutes pendant le webinaire.<\/p>\n\n\n\n<p><strong>Un enregistrement de ce webinaire est disponible sur le <a href=\"https:\/\/renewablesassociation.ca\/fr\/?page_id=4147\" target=\"_blank\" rel=\"noreferrer noopener\">site web r\u00e9serv\u00e9 aux membres de CanREA.<\/a><\/strong><\/p>\n\n\n\n<h3 class=\"wp-block-heading\">Conf\u00e9renciers:<\/h3>\n\n\n\n<div class=\"wp-block-uagb-image uagb-block-e48ac2a0 wp-block-uagb-image--layout-default wp-block-uagb-image--effect-static wp-block-uagb-image--align-none\"><figure class=\"wp-block-uagb-image__figure\"><img loading=\"lazy\" decoding=\"async\" srcset=\"https:\/\/renewablesassociation.ca\/wp-content\/smush-webp\/2023\/04\/MicrosoftTeams-image-6.jpg.webp \" sizes=\"auto, (max-width: 480px) 150px\" src=\"https:\/\/renewablesassociation.ca\/wp-content\/smush-webp\/2023\/04\/MicrosoftTeams-image-6.jpg.webp\" alt=\"\" class=\"uag-image-15679\" width=\"297\" height=\"237\" title=\"\" loading=\"lazy\"\/><figcaption class=\"uagb-image-caption\"><strong>Cliff Monar, MBA (Directeur, Similan Consulting)<\/strong><br>Cliff poss\u00e8de plus de 30 ans d\u2019exp\u00e9rience sur le march\u00e9 de l\u2019\u00e9lectricit\u00e9 de l\u2019Alberta. Il se concentre sur la prestation de conseils en mati\u00e8re de politiques, de strat\u00e9gies, de march\u00e9s, de d\u00e9veloppement commercial et de d\u00e9veloppement des affaires pour les clients, les investisseurs et les\u00a0nouveaux venus dans le secteur de l\u2019\u00e9lectricit\u00e9 de l\u2019Alberta.\u00a0<\/figcaption><\/figure><\/div>\n\n\n\n<div style=\"height:28px\" aria-hidden=\"true\" class=\"wp-block-spacer\"><\/div>\n\n\n\n<div class=\"wp-block-uagb-image uagb-block-8fca62f9 wp-block-uagb-image--layout-default wp-block-uagb-image--effect-static wp-block-uagb-image--align-none\"><figure class=\"wp-block-uagb-image__figure\"><img loading=\"lazy\" decoding=\"async\" srcset=\"https:\/\/renewablesassociation.ca\/wp-content\/smush-webp\/2023\/04\/MicrosoftTeams-image-5.jpg.webp \" sizes=\"auto, (max-width: 480px) 150px\" src=\"https:\/\/renewablesassociation.ca\/wp-content\/smush-webp\/2023\/04\/MicrosoftTeams-image-5.jpg.webp\" alt=\"\" class=\"uag-image-15680\" width=\"291\" height=\"232\" title=\"\" loading=\"lazy\"\/><figcaption class=\"uagb-image-caption\"><strong>Elias Soto, MBA (Responsable en analyse, Similan Consulting)<\/strong><br>Elias poss\u00e8de plus de 10 ans d\u2019exp\u00e9rience sur le march\u00e9 de l\u2019\u00e9lectricit\u00e9 de l\u2019Alberta. En plus de fournir des conseils sur les politiques en mati\u00e8re d\u2019\u00e9lectricit\u00e9 et de carbone, il se concentre sur la conception, l\u2019\u00e9conomie, la mod\u00e9lisation financi\u00e8re des projets de production d\u2019\u00e9lectricit\u00e9 et la pr\u00e9vision des prix de l\u2019\u00e9lectricit\u00e9 fond\u00e9e sur les donn\u00e9es fondamentales.\u00a0<\/figcaption><\/figure><\/div>\n\n\n\n<div style=\"height:28px\" aria-hidden=\"true\" class=\"wp-block-spacer\"><\/div>\n\n\n\n<p>Un enregistrement de ce webinaire sera disponible sur le site Web r\u00e9serv\u00e9 aux membres de CanREA.<\/p>\n\n\n\n<div class=\"wp-block-uagb-image uagb-block-a4954721 wp-block-uagb-image--layout-default wp-block-uagb-image--effect-static wp-block-uagb-image--align-none\"><figure class=\"wp-block-uagb-image__figure\"><img loading=\"lazy\" decoding=\"async\" srcset=\"https:\/\/renewablesassociation.ca\/wp-content\/smush-webp\/2023\/04\/Similan-Logo.png.webp \" sizes=\"auto, (max-width: 480px) 150px\" src=\"https:\/\/renewablesassociation.ca\/wp-content\/smush-webp\/2023\/04\/Similan-Logo.png.webp\" alt=\"\" class=\"uag-image-15681\" width=\"534\" height=\"134\" title=\"\" loading=\"lazy\"\/><\/figure><\/div>\n\n\n\n<div style=\"height:28px\" aria-hidden=\"true\" class=\"wp-block-spacer\"><\/div>\n","protected":false},"excerpt":{"rendered":"<p>CanREA a &eacute;t&eacute; heureuse d&rsquo;organiser un webinaire sp&eacute;cial le 30 mai dernier, au cours duquel Similan Consulting a pr&eacute;sent&eacute; son rapport sur l&rsquo;avenir de l&rsquo;&eacute;nergie en Alberta. Ces r&eacute;sultats int&eacute;resseront les entreprises d&rsquo;&eacute;nergie renouvelable qui exercent actuellement leurs activit&eacute;s en Alberta ou qui explorent des possibilit&eacute;s dans cette province.&nbsp;&nbsp; &nbsp; [&hellip;]<\/p>\n","protected":false},"featured_media":15705,"template":"","tags":[],"event_taxonomy":[50],"class_list":["post-15677","event","type-event","status-publish","has-post-thumbnail","hentry","event_taxonomy-webinaires"],"acf":[],"uagb_featured_image_src":{"full":["https:\/\/renewablesassociation.ca\/wp-content\/uploads\/2023\/04\/3.png",1024,830,false],"thumbnail":["https:\/\/renewablesassociation.ca\/wp-content\/uploads\/2023\/04\/3-150x150.png",150,150,true],"medium":["https:\/\/renewablesassociation.ca\/wp-content\/uploads\/2023\/04\/3-300x243.png",300,243,true],"medium_large":["https:\/\/renewablesassociation.ca\/wp-content\/uploads\/2023\/04\/3-768x623.png",768,623,true],"large":["https:\/\/renewablesassociation.ca\/wp-content\/uploads\/2023\/04\/3.png",1024,830,false],"1536x1536":["https:\/\/renewablesassociation.ca\/wp-content\/uploads\/2023\/04\/3.png",1024,830,false],"2048x2048":["https:\/\/renewablesassociation.ca\/wp-content\/uploads\/2023\/04\/3.png",1024,830,false],"alm-thumbnail":["https:\/\/renewablesassociation.ca\/wp-content\/uploads\/2023\/04\/3-150x150.png",150,150,true],"alm-cta":["https:\/\/renewablesassociation.ca\/wp-content\/uploads\/2023\/04\/3-800x450.png",800,450,true],"alm-gallery":["https:\/\/renewablesassociation.ca\/wp-content\/uploads\/2023\/04\/3-800x600.png",800,600,true],"news-img-2x":["https:\/\/renewablesassociation.ca\/wp-content\/uploads\/2023\/04\/3.png",1024,830,false],"news-img":["https:\/\/renewablesassociation.ca\/wp-content\/uploads\/2023\/04\/3-690x515.png",690,515,true],"gform-image-choice-sm":["https:\/\/renewablesassociation.ca\/wp-content\/uploads\/2023\/04\/3.png",300,243,false],"gform-image-choice-md":["https:\/\/renewablesassociation.ca\/wp-content\/uploads\/2023\/04\/3.png",400,324,false],"gform-image-choice-lg":["https:\/\/renewablesassociation.ca\/wp-content\/uploads\/2023\/04\/3.png",600,486,false]},"uagb_author_info":{"display_name":"Judy Mitri","author_link":"https:\/\/renewablesassociation.ca\/fr\/author\/"},"uagb_comment_info":0,"uagb_excerpt":"CanREA a &eacute;t&eacute; heureuse d&rsquo;organiser un webinaire sp&eacute;cial le 30 mai dernier, au cours duquel Similan Consulting a pr&eacute;sent&eacute; son rapport sur l&rsquo;avenir de l&rsquo;&eacute;nergie en Alberta. Ces r&eacute;sultats int&eacute;resseront les entreprises d&rsquo;&eacute;nergie renouvelable qui exercent actuellement leurs activit&eacute;s en Alberta ou qui explorent des possibilit&eacute;s dans cette province.&nbsp;&nbsp; &nbsp; [&hellip;]","_links":{"self":[{"href":"https:\/\/renewablesassociation.ca\/fr\/wp-json\/wp\/v2\/event\/15677","targetHints":{"allow":["GET"]}}],"collection":[{"href":"https:\/\/renewablesassociation.ca\/fr\/wp-json\/wp\/v2\/event"}],"about":[{"href":"https:\/\/renewablesassociation.ca\/fr\/wp-json\/wp\/v2\/types\/event"}],"wp:featuredmedia":[{"embeddable":true,"href":"https:\/\/renewablesassociation.ca\/fr\/wp-json\/wp\/v2\/media\/15705"}],"wp:attachment":[{"href":"https:\/\/renewablesassociation.ca\/fr\/wp-json\/wp\/v2\/media?parent=15677"}],"wp:term":[{"taxonomy":"post_tag","embeddable":true,"href":"https:\/\/renewablesassociation.ca\/fr\/wp-json\/wp\/v2\/tags?post=15677"},{"taxonomy":"event_taxonomy","embeddable":true,"href":"https:\/\/renewablesassociation.ca\/fr\/wp-json\/wp\/v2\/event_taxonomy?post=15677"}],"curies":[{"name":"wp","href":"https:\/\/api.w.org\/{rel}","templated":true}]}}

Webinaire- L’avenir de l’énergie en Alberta par Similan Consulting

<h2 class="wp-block-heading">30 mai 2023, 11 h&nbsp;à 12 h (HAR)&nbsp;</h2>



<p>CanREA a été heureuse d’organiser un webinaire spécial le 30 mai dernier, au cours duquel Similan Consulting a présenté son rapport sur l’avenir de l’énergie en Alberta. Ces résultats intéresseront les entreprises d’énergie renouvelable qui exercent actuellement leurs activités en Alberta ou qui explorent des possibilités dans cette province.    </p>



<p>Similan Consulting Inc. est une société d’experts-conseils établie en Alberta qui fournit des prévisions à long terme des prix de l’électricité, des conseils sur le portefeuille de l’électricité, ainsi que des services d’optimisation et d’analyse pour ses clients. Les prévisions de prix de l’électricité en Alberta de Similan sont fondées sur plus de 40 ans d’expérience dans le marché albertain.&nbsp;</p>



<p>Ce webinaire a porté à la fois sur la dynamique du marché à court terme (comment les changements récents de la dynamique du marché influent sur les revenus des énergies renouvelables) et sur les perspectives de prix à long terme (le point de vue de Similan sur l&#8217;évolution du mix d&#8217;approvisionnement et son impact sur les futurs prix des énergies renouvelables), ainsi qu’un examen de la politique sur le carbone en Alberta (l’incidence sur les prix des récentes modifications apportées au TIER et au projet de Règlement sur l’électricité propre).   </p>



<p>Le rapport de Similan sur l’avenir de l’énergie en Alberta est à la disposition des membres de CanREA à 40 % de réduction (normalement 10 000 $), dans le cadre du nouveau <a href="https://renewablesassociation.ca/fr/?page_id=1387" target="_blank" rel="noreferrer noopener">programme d’affinité</a> de CanREA.  </p>



<p>Il y eu également une période de questions de 15 minutes pendant le webinaire.</p>



<p><strong>Un enregistrement de ce webinaire est disponible sur le <a href="https://renewablesassociation.ca/fr/?page_id=4147" target="_blank" rel="noreferrer noopener">site web réservé aux membres de CanREA.</a></strong></p>



<h3 class="wp-block-heading">Conférenciers:</h3>



<div class="wp-block-uagb-image uagb-block-e48ac2a0 wp-block-uagb-image--layout-default wp-block-uagb-image--effect-static wp-block-uagb-image--align-none"><figure class="wp-block-uagb-image__figure"><img loading="lazy" decoding="async" srcset="https://renewablesassociation.ca/wp-content/smush-webp/2023/04/MicrosoftTeams-image-6.jpg.webp " sizes="auto, (max-width: 480px) 150px" src="https://renewablesassociation.ca/wp-content/smush-webp/2023/04/MicrosoftTeams-image-6.jpg.webp" alt="" class="uag-image-15679" width="297" height="237" title="" loading="lazy"/><figcaption class="uagb-image-caption"><strong>Cliff Monar, MBA (Directeur, Similan Consulting)</strong><br>Cliff possède plus de 30 ans d’expérience sur le marché de l’électricité de l’Alberta. Il se concentre sur la prestation de conseils en matière de politiques, de stratégies, de marchés, de développement commercial et de développement des affaires pour les clients, les investisseurs et les nouveaux venus dans le secteur de l’électricité de l’Alberta. </figcaption></figure></div>



<div style="height:28px" aria-hidden="true" class="wp-block-spacer"></div>



<div class="wp-block-uagb-image uagb-block-8fca62f9 wp-block-uagb-image--layout-default wp-block-uagb-image--effect-static wp-block-uagb-image--align-none"><figure class="wp-block-uagb-image__figure"><img loading="lazy" decoding="async" srcset="https://renewablesassociation.ca/wp-content/smush-webp/2023/04/MicrosoftTeams-image-5.jpg.webp " sizes="auto, (max-width: 480px) 150px" src="https://renewablesassociation.ca/wp-content/smush-webp/2023/04/MicrosoftTeams-image-5.jpg.webp" alt="" class="uag-image-15680" width="291" height="232" title="" loading="lazy"/><figcaption class="uagb-image-caption"><strong>Elias Soto, MBA (Responsable en analyse, Similan Consulting)</strong><br>Elias possède plus de 10 ans d’expérience sur le marché de l’électricité de l’Alberta. En plus de fournir des conseils sur les politiques en matière d’électricité et de carbone, il se concentre sur la conception, l’économie, la modélisation financière des projets de production d’électricité et la prévision des prix de l’électricité fondée sur les données fondamentales. </figcaption></figure></div>



<div style="height:28px" aria-hidden="true" class="wp-block-spacer"></div>



<p>Un enregistrement de ce webinaire sera disponible sur le site Web réservé aux membres de CanREA.</p>



<div class="wp-block-uagb-image uagb-block-a4954721 wp-block-uagb-image--layout-default wp-block-uagb-image--effect-static wp-block-uagb-image--align-none"><figure class="wp-block-uagb-image__figure"><img loading="lazy" decoding="async" srcset="https://renewablesassociation.ca/wp-content/smush-webp/2023/04/Similan-Logo.png.webp " sizes="auto, (max-width: 480px) 150px" src="https://renewablesassociation.ca/wp-content/smush-webp/2023/04/Similan-Logo.png.webp" alt="" class="uag-image-15681" width="534" height="134" title="" loading="lazy"/></figure></div>



<div style="height:28px" aria-hidden="true" class="wp-block-spacer"></div>
