{"id":12923,"date":"2022-10-04T05:17:00","date_gmt":"2022-10-04T09:17:00","guid":{"rendered":"https:\/\/renewablesassociation.ca\/?post_type=event&#038;p=12923"},"modified":"2022-11-10T16:02:34","modified_gmt":"2022-11-10T20:02:34","slug":"reception-de-reseautage-de-canrea-canada-atlantique","status":"publish","type":"event","link":"https:\/\/renewablesassociation.ca\/fr\/event\/reception-de-reseautage-de-canrea-canada-atlantique\/","title":{"rendered":"R\u00e9ception de r\u00e9seautage de CanREA \u2013 Canada atlantique"},"content":{"rendered":"\n<h2 class=\"wp-block-heading\">9 novembre 2022, 5 p.m.<br>The Old Triangle Irish Alehouse<br>Halifax, (Nouvelle-\u00c9cosse)<\/h2>\n\n\n\n<p>Merci \u00e0 tous ceux et celles qui \u00e9t\u00e9 pr\u00e9sents le 9 novembre dernier lors de notre r\u00e9ception de r\u00e9seautage en mode pr\u00e9sentiel \u00e0 Halifax. Cet \u00e9v\u00e9nement a rassembl\u00e9 les innovateurs, les chefs d\u2019entreprise et les influenceurs du secteur des \u00e9nergies \u00e9olienne et solaire et du stockage de l\u2019\u00e9nergie de la Nouvelle-\u00c9cosse.<\/p>\n\n\n\n<p>Une soixantaine d&#8217;acteurs de l&#8217;industrie de l&#8217;\u00e9nergie renouvelable \u00e9taient sur place pour cette occasion de r\u00e9seautage captivante. Celle-ci fait partie d&#8217;une s\u00e9rie d&#8217;\u00e9v\u00e9nements de r\u00e9seautage de CanREA qui se d\u00e9rouleront cet automne au Qu\u00e9bec, en Nouvelle-\u00c9cosse et en Alberta.<\/p>\n\n\n\n<p>La r\u00e9ception de r\u00e9seautage du Canada atlantique \u00e9tait une excellente occasion pour les entreprises de se positionner en tant que chef de file du secteur, d\u2019\u00e9largir leur r\u00e9seau et d\u2019\u00e9changer avec d\u2019autres organisations, tout en appuyant les efforts de CanREA pour le d\u00e9veloppement du march\u00e9 du Canada atlantique et du reste du pays.<\/p>\n\n\n\n<h3 class=\"wp-block-heading\">Merci \u00e0 nos commanditaires:<\/h3>\n\n\n\n<div class=\"wp-block-columns is-layout-flex wp-container-core-columns-is-layout-9d6595d7 wp-block-columns-is-layout-flex\">\n<div class=\"wp-block-column is-layout-flow wp-block-column-is-layout-flow\">\n<figure class=\"wp-block-image size-large is-resized\"><img decoding=\"async\" src=\"https:\/\/renewablesassociation.ca\/wp-content\/smush-webp\/2022\/11\/Goldwind-Horizontal-Logo-Blue-New-Logo-as-of-June-1-1024x200.png.webp\" alt=\"\" class=\"wp-image-13566\" width=\"357\" height=\"69\" srcset=\"https:\/\/renewablesassociation.ca\/wp-content\/smush-webp\/2022\/11\/Goldwind-Horizontal-Logo-Blue-New-Logo-as-of-June-1-1024x200.png.webp 1024w, https:\/\/renewablesassociation.ca\/wp-content\/smush-webp\/2022\/11\/Goldwind-Horizontal-Logo-Blue-New-Logo-as-of-June-1-300x59.png.webp 300w, https:\/\/renewablesassociation.ca\/wp-content\/smush-webp\/2022\/11\/Goldwind-Horizontal-Logo-Blue-New-Logo-as-of-June-1-768x150.png.webp 768w, https:\/\/renewablesassociation.ca\/wp-content\/smush-webp\/2022\/11\/Goldwind-Horizontal-Logo-Blue-New-Logo-as-of-June-1-1536x300.png.webp 1536w, https:\/\/renewablesassociation.ca\/wp-content\/smush-webp\/2022\/11\/Goldwind-Horizontal-Logo-Blue-New-Logo-as-of-June-1-2048x400.png.webp 2048w\" sizes=\"(max-width: 357px) 100vw, 357px\" loading=\"lazy\" \/><\/figure>\n<\/div>\n\n\n\n<div class=\"wp-block-column is-layout-flow wp-block-column-is-layout-flow\">\n<figure class=\"wp-block-image size-large is-resized\"><img decoding=\"async\" src=\"https:\/\/renewablesassociation.ca\/wp-content\/smush-webp\/2022\/11\/EDF_renewables_4C_600-1-1024x570.png.webp\" alt=\"\" class=\"wp-image-13565\" width=\"255\" height=\"141\" srcset=\"https:\/\/renewablesassociation.ca\/wp-content\/smush-webp\/2022\/11\/EDF_renewables_4C_600-1-1024x570.png.webp 1024w, https:\/\/renewablesassociation.ca\/wp-content\/smush-webp\/2022\/11\/EDF_renewables_4C_600-1-300x167.png.webp 300w, https:\/\/renewablesassociation.ca\/wp-content\/smush-webp\/2022\/11\/EDF_renewables_4C_600-1-768x428.png.webp 768w, https:\/\/renewablesassociation.ca\/wp-content\/smush-webp\/2022\/11\/EDF_renewables_4C_600-1.png.webp 1151w\" sizes=\"(max-width: 255px) 100vw, 255px\" loading=\"lazy\" \/><\/figure>\n<\/div>\n<\/div>\n","protected":false},"excerpt":{"rendered":"<p>Merci &agrave; tous ceux et celles qui &eacute;t&eacute; pr&eacute;sents le 9 novembre dernier lors de notre r&eacute;ception de r&eacute;seautage en mode pr&eacute;sentiel &agrave; Halifax. Cet &eacute;v&eacute;nement a rassembl&eacute; les innovateurs, les chefs d&rsquo;entreprise et les influenceurs du secteur des &eacute;nergies &eacute;olienne et solaire et du stockage de l&rsquo;&eacute;nergie de la Nouvelle-&Eacute;cosse. [&hellip;]<\/p>\n","protected":false},"featured_media":12925,"template":"","tags":[],"event_taxonomy":[49],"class_list":["post-12923","event","type-event","status-publish","has-post-thumbnail","hentry","event_taxonomy-evenements"],"acf":[],"uagb_featured_image_src":{"full":["https:\/\/renewablesassociation.ca\/wp-content\/uploads\/2022\/09\/FR-Atlantic-Canada-Networking-Reception-Website.png",1380,1030,false],"thumbnail":["https:\/\/renewablesassociation.ca\/wp-content\/uploads\/2022\/09\/FR-Atlantic-Canada-Networking-Reception-Website-150x150.png",150,150,true],"medium":["https:\/\/renewablesassociation.ca\/wp-content\/uploads\/2022\/09\/FR-Atlantic-Canada-Networking-Reception-Website-300x224.png",300,224,true],"medium_large":["https:\/\/renewablesassociation.ca\/wp-content\/uploads\/2022\/09\/FR-Atlantic-Canada-Networking-Reception-Website-768x573.png",768,573,true],"large":["https:\/\/renewablesassociation.ca\/wp-content\/uploads\/2022\/09\/FR-Atlantic-Canada-Networking-Reception-Website-1024x764.png",1024,764,true],"1536x1536":["https:\/\/renewablesassociation.ca\/wp-content\/uploads\/2022\/09\/FR-Atlantic-Canada-Networking-Reception-Website.png",1380,1030,false],"2048x2048":["https:\/\/renewablesassociation.ca\/wp-content\/uploads\/2022\/09\/FR-Atlantic-Canada-Networking-Reception-Website.png",1380,1030,false],"alm-thumbnail":["https:\/\/renewablesassociation.ca\/wp-content\/uploads\/2022\/09\/FR-Atlantic-Canada-Networking-Reception-Website.png",150,112,false],"alm-cta":["https:\/\/renewablesassociation.ca\/wp-content\/uploads\/2022\/09\/FR-Atlantic-Canada-Networking-Reception-Website.png",603,450,false],"alm-gallery":["https:\/\/renewablesassociation.ca\/wp-content\/uploads\/2022\/09\/FR-Atlantic-Canada-Networking-Reception-Website.png",800,597,false],"news-img-2x":["https:\/\/renewablesassociation.ca\/wp-content\/uploads\/2022\/09\/FR-Atlantic-Canada-Networking-Reception-Website-1380x1030.png",1380,1030,true],"news-img":["https:\/\/renewablesassociation.ca\/wp-content\/uploads\/2022\/09\/FR-Atlantic-Canada-Networking-Reception-Website-690x515.png",690,515,true],"gform-image-choice-sm":["https:\/\/renewablesassociation.ca\/wp-content\/uploads\/2022\/09\/FR-Atlantic-Canada-Networking-Reception-Website.png",300,224,false],"gform-image-choice-md":["https:\/\/renewablesassociation.ca\/wp-content\/uploads\/2022\/09\/FR-Atlantic-Canada-Networking-Reception-Website.png",400,299,false],"gform-image-choice-lg":["https:\/\/renewablesassociation.ca\/wp-content\/uploads\/2022\/09\/FR-Atlantic-Canada-Networking-Reception-Website.png",600,448,false]},"uagb_author_info":{"display_name":"Judy Mitri","author_link":"https:\/\/renewablesassociation.ca\/fr\/author\/"},"uagb_comment_info":0,"uagb_excerpt":"Merci &agrave; tous ceux et celles qui &eacute;t&eacute; pr&eacute;sents le 9 novembre dernier lors de notre r&eacute;ception de r&eacute;seautage en mode pr&eacute;sentiel &agrave; Halifax. Cet &eacute;v&eacute;nement a rassembl&eacute; les innovateurs, les chefs d&rsquo;entreprise et les influenceurs du secteur des &eacute;nergies &eacute;olienne et solaire et du stockage de l&rsquo;&eacute;nergie de la Nouvelle-&Eacute;cosse. [&hellip;]","_links":{"self":[{"href":"https:\/\/renewablesassociation.ca\/fr\/wp-json\/wp\/v2\/event\/12923","targetHints":{"allow":["GET"]}}],"collection":[{"href":"https:\/\/renewablesassociation.ca\/fr\/wp-json\/wp\/v2\/event"}],"about":[{"href":"https:\/\/renewablesassociation.ca\/fr\/wp-json\/wp\/v2\/types\/event"}],"wp:featuredmedia":[{"embeddable":true,"href":"https:\/\/renewablesassociation.ca\/fr\/wp-json\/wp\/v2\/media\/12925"}],"wp:attachment":[{"href":"https:\/\/renewablesassociation.ca\/fr\/wp-json\/wp\/v2\/media?parent=12923"}],"wp:term":[{"taxonomy":"post_tag","embeddable":true,"href":"https:\/\/renewablesassociation.ca\/fr\/wp-json\/wp\/v2\/tags?post=12923"},{"taxonomy":"event_taxonomy","embeddable":true,"href":"https:\/\/renewablesassociation.ca\/fr\/wp-json\/wp\/v2\/event_taxonomy?post=12923"}],"curies":[{"name":"wp","href":"https:\/\/api.w.org\/{rel}","templated":true}]}}

Réception de réseautage de CanREA – Canada atlantique

<h2 class="wp-block-heading">9 novembre 2022, 5 p.m.<br>The Old Triangle Irish Alehouse<br>Halifax, (Nouvelle-Écosse)</h2>



<p>Merci à tous ceux et celles qui été présents le 9 novembre dernier lors de notre réception de réseautage en mode présentiel à Halifax. Cet événement a rassemblé les innovateurs, les chefs d’entreprise et les influenceurs du secteur des énergies éolienne et solaire et du stockage de l’énergie de la Nouvelle-Écosse.</p>



<p>Une soixantaine d&#8217;acteurs de l&#8217;industrie de l&#8217;énergie renouvelable étaient sur place pour cette occasion de réseautage captivante. Celle-ci fait partie d&#8217;une série d&#8217;événements de réseautage de CanREA qui se dérouleront cet automne au Québec, en Nouvelle-Écosse et en Alberta.</p>



<p>La réception de réseautage du Canada atlantique était une excellente occasion pour les entreprises de se positionner en tant que chef de file du secteur, d’élargir leur réseau et d’échanger avec d’autres organisations, tout en appuyant les efforts de CanREA pour le développement du marché du Canada atlantique et du reste du pays.</p>



<h3 class="wp-block-heading">Merci à nos commanditaires:</h3>



<div class="wp-block-columns is-layout-flex wp-container-core-columns-is-layout-9d6595d7 wp-block-columns-is-layout-flex">
<div class="wp-block-column is-layout-flow wp-block-column-is-layout-flow">
<figure class="wp-block-image size-large is-resized"><img decoding="async" src="https://renewablesassociation.ca/wp-content/smush-webp/2022/11/Goldwind-Horizontal-Logo-Blue-New-Logo-as-of-June-1-1024x200.png.webp" alt="" class="wp-image-13566" width="357" height="69" srcset="https://renewablesassociation.ca/wp-content/smush-webp/2022/11/Goldwind-Horizontal-Logo-Blue-New-Logo-as-of-June-1-1024x200.png.webp 1024w, https://renewablesassociation.ca/wp-content/smush-webp/2022/11/Goldwind-Horizontal-Logo-Blue-New-Logo-as-of-June-1-300x59.png.webp 300w, https://renewablesassociation.ca/wp-content/smush-webp/2022/11/Goldwind-Horizontal-Logo-Blue-New-Logo-as-of-June-1-768x150.png.webp 768w, https://renewablesassociation.ca/wp-content/smush-webp/2022/11/Goldwind-Horizontal-Logo-Blue-New-Logo-as-of-June-1-1536x300.png.webp 1536w, https://renewablesassociation.ca/wp-content/smush-webp/2022/11/Goldwind-Horizontal-Logo-Blue-New-Logo-as-of-June-1-2048x400.png.webp 2048w" sizes="(max-width: 357px) 100vw, 357px" loading="lazy" /></figure>
</div>



<div class="wp-block-column is-layout-flow wp-block-column-is-layout-flow">
<figure class="wp-block-image size-large is-resized"><img decoding="async" src="https://renewablesassociation.ca/wp-content/smush-webp/2022/11/EDF_renewables_4C_600-1-1024x570.png.webp" alt="" class="wp-image-13565" width="255" height="141" srcset="https://renewablesassociation.ca/wp-content/smush-webp/2022/11/EDF_renewables_4C_600-1-1024x570.png.webp 1024w, https://renewablesassociation.ca/wp-content/smush-webp/2022/11/EDF_renewables_4C_600-1-300x167.png.webp 300w, https://renewablesassociation.ca/wp-content/smush-webp/2022/11/EDF_renewables_4C_600-1-768x428.png.webp 768w, https://renewablesassociation.ca/wp-content/smush-webp/2022/11/EDF_renewables_4C_600-1.png.webp 1151w" sizes="(max-width: 255px) 100vw, 255px" loading="lazy" /></figure>
</div>
</div>
