{"id":11197,"date":"2022-04-22T11:13:06","date_gmt":"2022-04-22T15:13:06","guid":{"rendered":"https:\/\/renewablesassociation.ca\/?post_type=event&#038;p=11197"},"modified":"2022-04-22T13:50:16","modified_gmt":"2022-04-22T17:50:16","slug":"sommet-sur-loperation-serie-de-webinaires-webinaire-2-economie-circulaire","status":"publish","type":"event","link":"https:\/\/renewablesassociation.ca\/fr\/event\/sommet-sur-loperation-serie-de-webinaires-webinaire-2-economie-circulaire\/","title":{"rendered":"Un avant-go\u00fbt du Sommet sur l\u2019op\u00e9ration \u2013 s\u00e9rie de webinaires \u2013 Webinaire\u202f2 :  \u00c9conomie circulaire\u00a0"},"content":{"rendered":"\n<blockquote class=\"wp-block-quote is-layout-flow wp-block-quote-is-layout-flow\"><p><strong>Un avant-go\u00fbt du Sommet sur l\u2019op\u00e9ration \u2013 s\u00e9rie de webinaires<\/strong><br>CanREA est fi\u00e8re de pr\u00e9senter une s\u00e9rie de webinaires gratuits sur les op\u00e9rations, qui culmineront avec<a href=\"https:\/\/pheedloop.com\/osummit2022\/site\/home\/?utm_medium=webinar&amp;utm_source=web&amp;utm_campaign=os2022&amp;utm_content=21-apr-2022\" target=\"_blank\" rel=\"noreferrer noopener\"> le Sommet sur l\u2019op\u00e9ration\u202f2022 de CanREA<\/a>, l\u2019\u00e9v\u00e9nement incontournable de l\u2019ann\u00e9e sur les op\u00e9rations d\u2019installations \u00e9oliennes, solaires et de stockage d\u2019\u00e9nergie au Canada. Ces trois s\u00e9ances vous donneront un avant-go\u00fbt de l\u2019\u00e9v\u00e9nement qui se tiendra en personne \u00e0 Toronto les 31\u202fmai et 1<sup>er<\/sup>\u202fjuin. En attendant, soyez des n\u00f4tres \u00e0 l\u2019occasion de tables rondes informatives et participatives sur trois th\u00e8mes li\u00e9s \u00e0 l\u2019op\u00e9ration des installations d\u2019\u00e9nergie renouvelable\u202f: les conditions m\u00e9t\u00e9orologiques extr\u00eames, l\u2019\u00e9conomie circulaire et la cybers\u00e9curit\u00e9. Cette s\u00e9rie de webinaires se r\u00e9v\u00e9lera particuli\u00e8rement instructive pour le personnel op\u00e9rationnel du Canada \u00e0 toutes les \u00e9tapes du projet de construction, de maintenance ou de mise hors service et d\u00e9mant\u00e8lement (en anglais seulement).&nbsp;<\/p><\/blockquote>\n\n\n\n<div style=\"height:30px\" aria-hidden=\"true\" class=\"wp-block-spacer\"><\/div>\n\n\n\n<h3 class=\"wp-block-heading\">Webinaire\u202f2\u202f: \u00c9conomie circulaire&nbsp;<br>19 mai\u202f2022&nbsp;<br>13\u202fh \u00e0 14\u202fh (HE)<\/h3>\n\n\n\n<p>Le deuxi\u00e8me webinaire de cet avant-go\u00fbt du Sommet sur l\u2019op\u00e9ration pr\u00e9sente les principes d\u2019une \u00e9conomie enti\u00e8rement circulaire et leur application \u00e0 la cha\u00eene d\u2019approvisionnement de l\u2019\u00e9nergie renouvelable en Am\u00e9rique du Nord. <\/p>\n\n\n\n<p>La cha\u00eene d\u2019approvisionnement mondiale en mat\u00e9riaux et composants n\u00e9cessaires \u00e0 la transition \u00e9nerg\u00e9tique subit actuellement des pressions consid\u00e9rables, surtout au vu du peu de temps qu\u2019il reste pour atteindre les objectifs climatiques du Canada. <\/p>\n\n\n\n<p>Ce webinaire examine le concept d\u2019\u00e9conomie circulaire, soit l\u2019int\u00e9gration de la logistique avanc\u00e9e et de la logistique inverse en un seul syst\u00e8me qui traite les flux de d\u00e9chets comme des intrants d\u2019une nouvelle production, contribuant ainsi \u00e0 une transition responsable, juste et durable au Canada. \u00c0 ce webinaire sur l\u2019\u00e9conomie circulaire appliqu\u00e9e aux op\u00e9rations, attendez-vous \u00e0 boucler la boucle dans votre compr\u00e9hension de la cha\u00eene d\u2019approvisionnement et \u00e0 trouver des inspirations pour vos prochaines innovations dans le contexte de l\u2019\u00e9olien, du solaire et du stockage d\u2019\u00e9nergie.&nbsp;<\/p>\n\n\n\n<p>Stephanie Cairns, du Conseil des acad\u00e9mies canadiennes (CAC), pr\u00e9sentera certains des r\u00e9sultats du rapport <em>Un tournant d\u00e9cisif<\/em> sur la circularit\u00e9 au Canada, qui traite notamment du r\u00f4le que jouera l\u2019\u00e9nergie renouvelable.&nbsp;<\/p>\n\n\n\n<p>Peter Perrault, d\u2019Enel, montrera que l\u2019\u00e9conomie circulaire repr\u00e9sente une occasion formidable pour les entreprises et les consommateurs d\u2019\u00e9nergie, et leur application de ce concept en affaires.&nbsp;<\/p>\n\n\n\n<p>Jos de Krieger, de Superuse Studios, pr\u00e9sentera des solutions pratiques et novatrices pour les cha\u00eenes d\u2019approvisionnement promues dans les projets exclusifs de son entreprise \u00e0 l\u2019international.\u202f&nbsp;<\/p>\n\n\n\n<div class=\"wp-block-buttons is-layout-flex wp-block-buttons-is-layout-flex\">\n<div class=\"wp-block-button\"><a class=\"wp-block-button__link\" href=\"https:\/\/register.gotowebinar.com\/register\/7954397502105732877\" target=\"_blank\" rel=\"noreferrer noopener\"><strong>Inscrivez-vous maintenant!<\/strong><\/a><\/div>\n<\/div>\n\n\n\n<h3 class=\"wp-block-heading\">Conf\u00e9renciers invit\u00e9s<\/h3>\n\n\n\n<div class=\"wp-block-columns is-layout-flex wp-container-core-columns-is-layout-9d6595d7 wp-block-columns-is-layout-flex\">\n<div class=\"wp-block-column is-layout-flow wp-block-column-is-layout-flow\">\n<figure class=\"wp-block-image size-full is-resized\"><img fetchpriority=\"high\" decoding=\"async\" src=\"https:\/\/renewablesassociation.ca\/wp-content\/smush-webp\/2022\/04\/jos_01_1000px-2.jpg.webp\" alt=\"\" class=\"wp-image-11199\" width=\"256\" height=\"256\" srcset=\"https:\/\/renewablesassociation.ca\/wp-content\/smush-webp\/2022\/04\/jos_01_1000px-2.jpg.webp 1000w, https:\/\/renewablesassociation.ca\/wp-content\/smush-webp\/2022\/04\/jos_01_1000px-2-300x300.jpg.webp 300w, https:\/\/renewablesassociation.ca\/wp-content\/smush-webp\/2022\/04\/jos_01_1000px-2-150x150.jpg.webp 150w, https:\/\/renewablesassociation.ca\/wp-content\/smush-webp\/2022\/04\/jos_01_1000px-2-768x768.jpg.webp 768w\" sizes=\"(max-width: 256px) 100vw, 256px\" \/><figcaption><strong>Jos de Krieger<\/strong><br>Superuse Studios, Am\u00e9rique du Nord<\/figcaption><\/figure>\n<\/div>\n\n\n\n<div class=\"wp-block-column is-layout-flow wp-block-column-is-layout-flow\">\n<figure class=\"wp-block-image size-large\"><img decoding=\"async\" width=\"1024\" height=\"1024\" src=\"https:\/\/renewablesassociation.ca\/wp-content\/smush-webp\/2022\/04\/Peter-Perrault-Headshot-1-e1650638997316-1536x1536-1-1024x1024.jpg.webp\" alt=\"\" class=\"wp-image-11200\" srcset=\"https:\/\/renewablesassociation.ca\/wp-content\/smush-webp\/2022\/04\/Peter-Perrault-Headshot-1-e1650638997316-1536x1536-1-1024x1024.jpg.webp 1024w, https:\/\/renewablesassociation.ca\/wp-content\/smush-webp\/2022\/04\/Peter-Perrault-Headshot-1-e1650638997316-1536x1536-1-300x300.jpg.webp 300w, https:\/\/renewablesassociation.ca\/wp-content\/smush-webp\/2022\/04\/Peter-Perrault-Headshot-1-e1650638997316-1536x1536-1-150x150.jpg.webp 150w, https:\/\/renewablesassociation.ca\/wp-content\/smush-webp\/2022\/04\/Peter-Perrault-Headshot-1-e1650638997316-1536x1536-1-768x768.jpg.webp 768w, https:\/\/renewablesassociation.ca\/wp-content\/smush-webp\/2022\/04\/Peter-Perrault-Headshot-1-e1650638997316-1536x1536-1.jpg.webp 1536w\" sizes=\"(max-width: 1024px) 100vw, 1024px\" loading=\"lazy\" \/><figcaption><strong>Peter Perrault<\/strong><br>Enel<\/figcaption><\/figure>\n<\/div>\n\n\n\n<div class=\"wp-block-column is-layout-flow wp-block-column-is-layout-flow\">\n<figure class=\"wp-block-image size-full\"><img decoding=\"async\" width=\"300\" height=\"300\" src=\"https:\/\/renewablesassociation.ca\/wp-content\/smush-webp\/2022\/04\/Stephanie-Cairns-300x300-2.jpeg.webp\" alt=\"\" class=\"wp-image-11198\" srcset=\"https:\/\/renewablesassociation.ca\/wp-content\/smush-webp\/2022\/04\/Stephanie-Cairns-300x300-2.jpeg.webp 300w, https:\/\/renewablesassociation.ca\/wp-content\/smush-webp\/2022\/04\/Stephanie-Cairns-300x300-2-150x150.jpeg.webp 150w\" sizes=\"(max-width: 300px) 100vw, 300px\" loading=\"lazy\" \/><figcaption><strong>Stephanie Cairns <\/strong><br>Membre du comit\u00e9 d\u2019experts du rapport Un tournant d\u00e9cisif du CAC<\/figcaption><\/figure>\n<\/div>\n<\/div>\n\n\n\n<h3 class=\"wp-block-heading\">Ne manquez pas les autres webinaires de la s\u00e9rie\u202f:\u00a0<\/h3>\n\n\n\n<ul class=\"wp-block-list\"><li><strong><a href=\"https:\/\/renewablesassociation.ca\/fr\/?p=11126\" target=\"_blank\" rel=\"noreferrer noopener\">Webinaire\u202f1\u202f: <strong>Conditions m\u00e9t\u00e9orologiques extr\u00eames, 12 \u202fmai 2022 <\/strong><\/a><\/strong><\/li><li><strong><a href=\"https:\/\/renewablesassociation.ca\/fr\/?p=11197\" target=\"_blank\" rel=\"noreferrer noopener\">Webinaire\u202f2\u202f: \u00c9conomie circulaire, 19\u202fmai\u202f2022<\/a><\/strong><\/li><li><strong><a href=\"https:\/\/renewablesassociation.ca\/fr\/?p=11201\" target=\"_blank\" rel=\"noreferrer noopener\">Webinaire\u202f3\u202f: Cybers\u00e9curit\u00e9, 26 mai\u202f2022 <\/a><\/strong><\/li><\/ul>\n","protected":false},"excerpt":{"rendered":"<p>CanREA est fi&egrave;re de pr&eacute;senter une s&eacute;rie de webinaires gratuits sur les op&eacute;rations, qui culmineront avec<a href=\"https:\/\/pheedloop.com\/osummit2022\/site\/home\/?utm_medium=webinar&amp;utm_source=web&amp;utm_campaign=os2022&amp;utm_content=21-apr-2022\" target=\"_blank\" rel=\"noreferrer noopener\"> le Sommet sur l&rsquo;op&eacute;ration&#8239;2022 de CanREA<\/a>, l&rsquo;&eacute;v&eacute;nement incontournable de l&rsquo;ann&eacute;e sur les op&eacute;rations d&rsquo;installations &eacute;oliennes, solaires et de stockage d&rsquo;&eacute;nergie au Canada. Ces trois s&eacute;ances vous donneront un avant-go&ucirc;t de l&rsquo;&eacute;v&eacute;nement qui se tiendra en [&hellip;]<\/p>\n","protected":false},"featured_media":11129,"template":"","tags":[],"event_taxonomy":[50],"class_list":["post-11197","event","type-event","status-publish","has-post-thumbnail","hentry","event_taxonomy-webinaires"],"acf":[],"uagb_featured_image_src":{"full":["https:\/\/renewablesassociation.ca\/wp-content\/uploads\/2022\/04\/Website-OpsSummit-Spotlight-Webinar-Series.png",1380,1030,false],"thumbnail":["https:\/\/renewablesassociation.ca\/wp-content\/uploads\/2022\/04\/Website-OpsSummit-Spotlight-Webinar-Series-150x150.png",150,150,true],"medium":["https:\/\/renewablesassociation.ca\/wp-content\/uploads\/2022\/04\/Website-OpsSummit-Spotlight-Webinar-Series-300x224.png",300,224,true],"medium_large":["https:\/\/renewablesassociation.ca\/wp-content\/uploads\/2022\/04\/Website-OpsSummit-Spotlight-Webinar-Series-768x573.png",768,573,true],"large":["https:\/\/renewablesassociation.ca\/wp-content\/uploads\/2022\/04\/Website-OpsSummit-Spotlight-Webinar-Series-1024x764.png",1024,764,true],"1536x1536":["https:\/\/renewablesassociation.ca\/wp-content\/uploads\/2022\/04\/Website-OpsSummit-Spotlight-Webinar-Series.png",1380,1030,false],"2048x2048":["https:\/\/renewablesassociation.ca\/wp-content\/uploads\/2022\/04\/Website-OpsSummit-Spotlight-Webinar-Series.png",1380,1030,false],"alm-thumbnail":["https:\/\/renewablesassociation.ca\/wp-content\/uploads\/2022\/04\/Website-OpsSummit-Spotlight-Webinar-Series.png",150,112,false],"alm-cta":["https:\/\/renewablesassociation.ca\/wp-content\/uploads\/2022\/04\/Website-OpsSummit-Spotlight-Webinar-Series.png",603,450,false],"alm-gallery":["https:\/\/renewablesassociation.ca\/wp-content\/uploads\/2022\/04\/Website-OpsSummit-Spotlight-Webinar-Series.png",800,597,false],"news-img-2x":["https:\/\/renewablesassociation.ca\/wp-content\/uploads\/2022\/04\/Website-OpsSummit-Spotlight-Webinar-Series-1380x1030.png",1380,1030,true],"news-img":["https:\/\/renewablesassociation.ca\/wp-content\/uploads\/2022\/04\/Website-OpsSummit-Spotlight-Webinar-Series-690x515.png",690,515,true],"gform-image-choice-sm":["https:\/\/renewablesassociation.ca\/wp-content\/uploads\/2022\/04\/Website-OpsSummit-Spotlight-Webinar-Series.png",300,224,false],"gform-image-choice-md":["https:\/\/renewablesassociation.ca\/wp-content\/uploads\/2022\/04\/Website-OpsSummit-Spotlight-Webinar-Series.png",400,299,false],"gform-image-choice-lg":["https:\/\/renewablesassociation.ca\/wp-content\/uploads\/2022\/04\/Website-OpsSummit-Spotlight-Webinar-Series.png",600,448,false]},"uagb_author_info":{"display_name":"Lauren Scott","author_link":"https:\/\/renewablesassociation.ca\/fr\/author\/"},"uagb_comment_info":0,"uagb_excerpt":"CanREA est fi&egrave;re de pr&eacute;senter une s&eacute;rie de webinaires gratuits sur les op&eacute;rations, qui culmineront avec le Sommet sur l&rsquo;op&eacute;ration&#8239;2022 de CanREA, l&rsquo;&eacute;v&eacute;nement incontournable de l&rsquo;ann&eacute;e sur les op&eacute;rations d&rsquo;installations &eacute;oliennes, solaires et de stockage d&rsquo;&eacute;nergie au Canada. Ces trois s&eacute;ances vous donneront un avant-go&ucirc;t de l&rsquo;&eacute;v&eacute;nement qui se tiendra en [&hellip;]","_links":{"self":[{"href":"https:\/\/renewablesassociation.ca\/fr\/wp-json\/wp\/v2\/event\/11197","targetHints":{"allow":["GET"]}}],"collection":[{"href":"https:\/\/renewablesassociation.ca\/fr\/wp-json\/wp\/v2\/event"}],"about":[{"href":"https:\/\/renewablesassociation.ca\/fr\/wp-json\/wp\/v2\/types\/event"}],"wp:featuredmedia":[{"embeddable":true,"href":"https:\/\/renewablesassociation.ca\/fr\/wp-json\/wp\/v2\/media\/11129"}],"wp:attachment":[{"href":"https:\/\/renewablesassociation.ca\/fr\/wp-json\/wp\/v2\/media?parent=11197"}],"wp:term":[{"taxonomy":"post_tag","embeddable":true,"href":"https:\/\/renewablesassociation.ca\/fr\/wp-json\/wp\/v2\/tags?post=11197"},{"taxonomy":"event_taxonomy","embeddable":true,"href":"https:\/\/renewablesassociation.ca\/fr\/wp-json\/wp\/v2\/event_taxonomy?post=11197"}],"curies":[{"name":"wp","href":"https:\/\/api.w.org\/{rel}","templated":true}]}}

Un avant-goût du Sommet sur l’opération – série de webinaires – Webinaire 2 :  Économie circulaire

<blockquote class="wp-block-quote is-layout-flow wp-block-quote-is-layout-flow"><p><strong>Un avant-goût du Sommet sur l’opération – série de webinaires</strong><br>CanREA est fière de présenter une série de webinaires gratuits sur les opérations, qui culmineront avec<a href="https://pheedloop.com/osummit2022/site/home/?utm_medium=webinar&amp;utm_source=web&amp;utm_campaign=os2022&amp;utm_content=21-apr-2022" target="_blank" rel="noreferrer noopener"> le Sommet sur l’opération 2022 de CanREA</a>, l’événement incontournable de l’année sur les opérations d’installations éoliennes, solaires et de stockage d’énergie au Canada. Ces trois séances vous donneront un avant-goût de l’événement qui se tiendra en personne à Toronto les 31 mai et 1<sup>er</sup> juin. En attendant, soyez des nôtres à l’occasion de tables rondes informatives et participatives sur trois thèmes liés à l’opération des installations d’énergie renouvelable : les conditions météorologiques extrêmes, l’économie circulaire et la cybersécurité. Cette série de webinaires se révélera particulièrement instructive pour le personnel opérationnel du Canada à toutes les étapes du projet de construction, de maintenance ou de mise hors service et démantèlement (en anglais seulement).&nbsp;</p></blockquote>



<div style="height:30px" aria-hidden="true" class="wp-block-spacer"></div>



<h3 class="wp-block-heading">Webinaire 2 : Économie circulaire&nbsp;<br>19 mai 2022&nbsp;<br>13 h à 14 h (HE)</h3>



<p>Le deuxième webinaire de cet avant-goût du Sommet sur l’opération présente les principes d’une économie entièrement circulaire et leur application à la chaîne d’approvisionnement de l’énergie renouvelable en Amérique du Nord. </p>



<p>La chaîne d’approvisionnement mondiale en matériaux et composants nécessaires à la transition énergétique subit actuellement des pressions considérables, surtout au vu du peu de temps qu’il reste pour atteindre les objectifs climatiques du Canada. </p>



<p>Ce webinaire examine le concept d’économie circulaire, soit l’intégration de la logistique avancée et de la logistique inverse en un seul système qui traite les flux de déchets comme des intrants d’une nouvelle production, contribuant ainsi à une transition responsable, juste et durable au Canada. À ce webinaire sur l’économie circulaire appliquée aux opérations, attendez-vous à boucler la boucle dans votre compréhension de la chaîne d’approvisionnement et à trouver des inspirations pour vos prochaines innovations dans le contexte de l’éolien, du solaire et du stockage d’énergie.&nbsp;</p>



<p>Stephanie Cairns, du Conseil des académies canadiennes (CAC), présentera certains des résultats du rapport <em>Un tournant décisif</em> sur la circularité au Canada, qui traite notamment du rôle que jouera l’énergie renouvelable.&nbsp;</p>



<p>Peter Perrault, d’Enel, montrera que l’économie circulaire représente une occasion formidable pour les entreprises et les consommateurs d’énergie, et leur application de ce concept en affaires.&nbsp;</p>



<p>Jos de Krieger, de Superuse Studios, présentera des solutions pratiques et novatrices pour les chaînes d’approvisionnement promues dans les projets exclusifs de son entreprise à l’international. &nbsp;</p>



<div class="wp-block-buttons is-layout-flex wp-block-buttons-is-layout-flex">
<div class="wp-block-button"><a class="wp-block-button__link" href="https://register.gotowebinar.com/register/7954397502105732877" target="_blank" rel="noreferrer noopener"><strong>Inscrivez-vous maintenant!</strong></a></div>
</div>



<h3 class="wp-block-heading">Conférenciers invités</h3>



<div class="wp-block-columns is-layout-flex wp-container-core-columns-is-layout-9d6595d7 wp-block-columns-is-layout-flex">
<div class="wp-block-column is-layout-flow wp-block-column-is-layout-flow">
<figure class="wp-block-image size-full is-resized"><img fetchpriority="high" decoding="async" src="https://renewablesassociation.ca/wp-content/smush-webp/2022/04/jos_01_1000px-2.jpg.webp" alt="" class="wp-image-11199" width="256" height="256" srcset="https://renewablesassociation.ca/wp-content/smush-webp/2022/04/jos_01_1000px-2.jpg.webp 1000w, https://renewablesassociation.ca/wp-content/smush-webp/2022/04/jos_01_1000px-2-300x300.jpg.webp 300w, https://renewablesassociation.ca/wp-content/smush-webp/2022/04/jos_01_1000px-2-150x150.jpg.webp 150w, https://renewablesassociation.ca/wp-content/smush-webp/2022/04/jos_01_1000px-2-768x768.jpg.webp 768w" sizes="(max-width: 256px) 100vw, 256px" /><figcaption><strong>Jos de Krieger</strong><br>Superuse Studios, Amérique du Nord</figcaption></figure>
</div>



<div class="wp-block-column is-layout-flow wp-block-column-is-layout-flow">
<figure class="wp-block-image size-large"><img decoding="async" width="1024" height="1024" src="https://renewablesassociation.ca/wp-content/smush-webp/2022/04/Peter-Perrault-Headshot-1-e1650638997316-1536x1536-1-1024x1024.jpg.webp" alt="" class="wp-image-11200" srcset="https://renewablesassociation.ca/wp-content/smush-webp/2022/04/Peter-Perrault-Headshot-1-e1650638997316-1536x1536-1-1024x1024.jpg.webp 1024w, https://renewablesassociation.ca/wp-content/smush-webp/2022/04/Peter-Perrault-Headshot-1-e1650638997316-1536x1536-1-300x300.jpg.webp 300w, https://renewablesassociation.ca/wp-content/smush-webp/2022/04/Peter-Perrault-Headshot-1-e1650638997316-1536x1536-1-150x150.jpg.webp 150w, https://renewablesassociation.ca/wp-content/smush-webp/2022/04/Peter-Perrault-Headshot-1-e1650638997316-1536x1536-1-768x768.jpg.webp 768w, https://renewablesassociation.ca/wp-content/smush-webp/2022/04/Peter-Perrault-Headshot-1-e1650638997316-1536x1536-1.jpg.webp 1536w" sizes="(max-width: 1024px) 100vw, 1024px" loading="lazy" /><figcaption><strong>Peter Perrault</strong><br>Enel</figcaption></figure>
</div>



<div class="wp-block-column is-layout-flow wp-block-column-is-layout-flow">
<figure class="wp-block-image size-full"><img decoding="async" width="300" height="300" src="https://renewablesassociation.ca/wp-content/smush-webp/2022/04/Stephanie-Cairns-300x300-2.jpeg.webp" alt="" class="wp-image-11198" srcset="https://renewablesassociation.ca/wp-content/smush-webp/2022/04/Stephanie-Cairns-300x300-2.jpeg.webp 300w, https://renewablesassociation.ca/wp-content/smush-webp/2022/04/Stephanie-Cairns-300x300-2-150x150.jpeg.webp 150w" sizes="(max-width: 300px) 100vw, 300px" loading="lazy" /><figcaption><strong>Stephanie Cairns </strong><br>Membre du comité d’experts du rapport Un tournant décisif du CAC</figcaption></figure>
</div>
</div>



<h3 class="wp-block-heading">Ne manquez pas les autres webinaires de la série : </h3>



<ul class="wp-block-list"><li><strong><a href="https://renewablesassociation.ca/fr/?p=11126" target="_blank" rel="noreferrer noopener">Webinaire 1 : <strong>Conditions météorologiques extrêmes, 12  mai 2022 </strong></a></strong></li><li><strong><a href="https://renewablesassociation.ca/fr/?p=11197" target="_blank" rel="noreferrer noopener">Webinaire 2 : Économie circulaire, 19 mai 2022</a></strong></li><li><strong><a href="https://renewablesassociation.ca/fr/?p=11201" target="_blank" rel="noreferrer noopener">Webinaire 3 : Cybersécurité, 26 mai 2022 </a></strong></li></ul>
